eatest common divisor of 288 and h?
32
Let p be (2*13/(-8))/(1/4). Let s = p + 40. Let n = -20 + s. What is the highest common divisor of n and 21?
7
Suppose 68 = 4*p - 28. Suppose 74*m + h = 69*m + 91, -4*h - 77 = -m. What is the highest common divisor of p and m?
3
Suppose 2*l - 3827 = 4*p - 3775, -5*l = -3*p - 186. What is the greatest common factor of l and 19334?
14
Let z(p) = -17*p + 64. Let b be z(0). Let d = -830 + 1470. What is the highest common divisor of d and b?
64
Let r be 3*(-8)/12 - 38100/(-4). Calculate the highest common factor of 89 and r.
89
Let s = 36 + -14. Let w = -72995 + 73468. Calculate the highest common divisor of s and w.
11
Suppose 1000 + 330 = 12*c - 650. What is the greatest common divisor of c and 555?
15
Let d(f) = 106*f**3 + 3*f**2 - 3*f + 1. Let b be d(1). What is the highest common divisor of b and 6848?
107
Let f(c) = 21*c**2 + 4*c + 12. Let q be f(6). Suppose -2*m = -5*m + q. Suppose -24*o = -20*o - m. What is the highest common factor of o and 22?
22
Suppose 4*c + 4 = -3*z + 262, -c = 3*z - 240. What is the highest common divisor of 572 and z?
26
Let r(i) = -9*i - 345. Let g be r(-43). Let o(k) = -9*k - 2. Let x be o(-10). Let s = x - -17. Calculate the greatest common factor of s and g.
21
Let t be 2/(-12) + (-85008)/(-288). What is the highest common divisor of 30 and t?
5
Let y(h) = h**3 - 27*h**2 + 52*h - 50. Let r be y(25). Let z be -3*188/(-6) + r/3. Calculate the highest common divisor of 47 and z.
47
Let y be (-4)/(-14) + (-6)/21. Let m be 11/((-44)/8) + 24 + y. Calculate the greatest common factor of m and 110.
22
Suppose 5*r = 4*r + 1. Suppose 6*c - 141 = y, 0 = 41*c - 46*c - 2*y + 92. Calculate the greatest common factor of c and r.
1
Let k = 137267 + -137222. Suppose -5*s + 19 = -26. Calculate the highest common divisor of s and k.
9
Suppose -231 = 3*l - 2*l. Let b = -172 - l. Calculate the highest common divisor of 649 and b.
59
Let v be (-1)/(-2)*52/13. Suppose -4*f - 3*r - v*r = -79, 3*r = -3*f + 57. Suppose 5*x - 169 = -9. What is the highest common divisor of x and f?
16
Suppose 0 = 5*t + 4*q - 12003 - 11832, 5*t + 2*q - 23845 = 0. What is the highest common factor of t and 13?
13
Let l be -3 + 11 + -5 + 0. Suppose l*b - 238 = -4*b. What is the greatest common factor of b and 170?
34
Let a(g) = 5*g + 16. Let f be a(-2). Let w be (f + 19/(-4))/(1/316). Let c be (3 - 5)/(-2) + w + 0. Calculate the greatest common divisor of c and 36.
36
Let s(x) = -x**2 - 18*x - 47. Let w be s(-11). Calculate the greatest common factor of w and 342.
6
Let q(x) = -18*x**3 - 6*x**2 + 38*x + 248. Let f be q(-6). Calculate the greatest common divisor of f and 426.
142
Let g be (150/14 - 0) + ((-540)/189)/(-10). Suppose -4*s + 180 = q - 3*s, -5*s + 372 = 2*q. What is the greatest common factor of q and g?
11
Suppose 5*j + 2*r - 13747 = 0, r + 1770 + 985 = j. What is the greatest common divisor of 131 and j?
131
Suppose 11642 = 57*c - 3520. What is the highest common divisor of 70 and c?
14
Let y = 23890 - 22740. Calculate the highest common divisor of 5 and y.
5
Let q = -465 - -592. Suppose -q*l = -129*l + 124. Calculate the highest common divisor of 341 and l.
31
Suppose 2*d - 1569 + 909 = v, 5*d + 2*v - 1632 = 0. Calculate the greatest common factor of 1804 and d.
164
Let x(t) = 12*t**2 + 29*t + 224. Let o be x(-8). Calculate the greatest common factor of o and 50.
10
Let l = -5241 + 5252. Calculate the greatest common divisor of 3036 and l.
11
Suppose 567*m = 581*m - 121240. Calculate the greatest common divisor of 20 and m.
20
Let s(p) = -p**3 - 2*p**2 + 16*p + 23. Let r(b) = -b**2 - 1. Let o(y) = -r(y) + s(y). Let x be o(-5). Calculate the greatest common divisor of 8 and x.
4
Let p(a) = -9*a + 9. Let x be p(-5). Let o(d) = -2*d**2 - 11*d + 12. Let q be o(-6). Calculate the highest common factor of x and q.
6
Let d(p) = -p**2 + 16*p - 48. Let y be d(6). Suppose y*f - 54 = -15*f. What is the greatest common factor of f and 158?
2
Let y = 586 - 562. Suppose -y*t = -429 - 963. What is the greatest common divisor of t and 754?
58
Let a be 4/16 - 4417562/(-248). Calculate the greatest common divisor of a and 47.
47
Suppose 4*p + 528 - 1465 = -x, 10 = 2*p. Suppose -x*j - 70 = -924*j. Calculate the highest common divisor of j and 60.
10
Let h be ((-144)/30)/(8/680). Let m = h - -432. What is the greatest common factor of 78 and m?
6
Suppose l - 6 = c + 32, c - 1 = 0. Suppose 3*i + 10 = 4*i - 7*v, i = -v + 58. What is the highest common divisor of l and i?
13
Suppose -n = -5*x + 8880, -6*x + x + 2*n = -8875. Suppose 6*s - x = 203. Calculate the greatest common factor of 30 and s.
30
Suppose 140 = 5*a - 180. Let r = a - 59. Let j be (r - 2) + 0 + 16 + -15. Calculate the greatest common divisor of j and 44.
4
Suppose -3*m + 387 = i, -5*m + 193*i - 189*i = -645. Calculate the greatest common factor of m and 172.
43
Suppose 102*c - 98*c - 440 = 0. What is the greatest common divisor of c and 495?
55
Suppose -5*r + 3*n = -15228, -2*r - 275 = -n - 6366. What is the highest common factor of 60 and r?
15
Let a be (-6 - -14)*6/(288/30). Suppose 0 = -a*w - 4*h + 16 + 16, 3*h = -4*w + 26. What is the greatest common divisor of w and 392?
8
Let b(t) = 118*t + 6664. Let z be b(-38). What is the highest common factor of 20 and z?
20
Let z be (1 + -3)*(-14 - -15). Let f be z/(-11) - 7690/(-55). Let i(s) = s**2 - 13*s + 32. Let g be i(11). What is the greatest common factor of f and g?
10
Let o(x) = 169*x + 408. Let u be o(-2). What is the highest common divisor of 710 and u?
10
Let w be (89/2)/((-9)/(-54)). Suppose 4*d - 361 = -5*g, 2*d + 5*g = -d + w. Suppose 6*t - t - 1175 = 0. Calculate the greatest common divisor of t and d.
47
Let w(o) = -7*o**2 + 7*o - 6. Let z be w(4). Let s be ((-78)/(-351))/(4/1746). Let a = s + z. Calculate the highest common factor of a and 7.
7
Let m(x) = x. Let t be 24/(-12) - (-1 - -1). Let y be m(t). Let n(g) = -29*g**3 - g**2 + g + 6. Let z be n(y). What is the highest common factor of 29 and z?
29
Let h = -4880 - -7157. What is the greatest common factor of h and 46?
23
Let p(t) = -t**3 - 4*t**2 - 3*t + 11. Let v be p(-3). Suppose 6*r - 23 = -v. Calculate the highest common divisor of r and 16.
2
Let g be 10448/22 - (-111)/1221. Calculate the greatest common divisor of 175 and g.
25
Suppose -2*z - 87 = -3*z + r, -2*z - 4*r = -192. Suppose 0 = z*g - 87*g - 2568. What is the highest common factor of g and 8?
8
Suppose l - 209 = -31. Suppose y + 3*w + 793 = 3*y, 1993 = 5*y + 3*w. Suppose 0 = -6*v + l + y. What is the greatest common divisor of v and 24?
24
Let h = 3 - 1. Let v = 4666 + -3156. Let w = v + -1488. What is the greatest common factor of w and h?
2
Let n(h) = -h**2 + 3*h + 15. Let g be n(5). Suppose -11*s = -7*s - g*m - 68, -3*s + 44 = -2*m. Calculate the highest common factor of 4 and s.
4
Suppose 55*b - 3887 = 7278. Let f = 210 - b. Calculate the highest common divisor of 175 and f.
7
Let r be 104 + -4 + -4 - 12. Let j = 13 - 1. What is the highest common divisor of r and j?
12
Let f = 2210 + -2180. Suppose -76 = -7*x + 638. Calculate the greatest common factor of f and x.
6
Suppose 16 + 33 = -7*c. Let p = c - -32. Suppose -5*h - 4*g = -863, 73 = 4*h + g - 624. Calculate the greatest common divisor of p and h.
25
Let k = -2214 - -2221. What is the greatest common factor of k and 3395?
7
Suppose 51 = 20*m - 3*m. Let c be (-3)/(m*(-2)/30). Calculate the greatest common divisor of c and 9.
3
Suppose -o + 5 = -2. Suppose 10*g + 222181 - 222191 = 0. What is the greatest common factor of g and o?
1
Let k = 2927 + -2918. Calculate the highest common divisor of 4743 and k.
9
Let k be (-12)/10*140/(-8). Let c be 496/28 + 6/k. Suppose 5*f + 24*t - 29*t - 5 = 0, 4*f - 5 = 3*t. What is the greatest common factor of f and c?
2
Suppose -4*x + 4*w = -376, -29 - 157 = -2*x + 3*w. Suppose c = 2*s + 470, 4*c + 5*s + 42 - 1987 = 0. Calculate the greatest common factor of x and c.
96
Let h be (-5 + -1)/((-24)/(-1744)). Let k = h + 636. Suppose -2*m = 3*x - 80, -4*m - 2*x = m - k. Calculate the greatest common factor of m and 40.
40
Let k = 0 - -15. Let d be ((-3 - -1) + 3)/((-2)/(-6)). Let p(i) = 24*i + 3. Let b be p(d). What is the highest common divisor of k and b?
15
Suppose -3*b = 2*k - 166, 191*